
9
What is the highest common divisor of 11 and 44?
11
Calculate the greatest common factor of 198 and 528.
66
What is the highest common divisor of 1144 and 2717?
143
Calculate the greatest common divisor of 912 and 23560.
152
Calculate the greatest common factor of 13 and 832.
13
Calculate the greatest common factor of 37 and 2516.
37
Calculate the highest common divisor of 9471 and 492.
123
What is the greatest common divisor of 100 and 27100?
100
What is the highest common divisor of 231 and 10703?
77
Calculate the greatest common factor of 125 and 75.
25
What is the highest common factor of 14934 and 342?
114
Calculate the greatest common divisor of 16 and 6.
2
What is the greatest common factor of 306 and 102?
102
What is the highest common factor of 228 and 114?
114
Calculate the greatest common factor of 7 and 13979.
7
What is the highest common factor of 264 and 12?
12
What is the highest common factor of 72 and 40?
8
What is the highest common divisor of 155 and 10?
5
What is the greatest common factor of 24396 and 57?
57
Calculate the greatest common divisor of 35 and 12019.
7
Calculate the greatest common divisor of 240 and 375.
15
Calculate the highest common divisor of 2 and 338.
2
Calculate the greatest common divisor of 754 and 551.
29
Calculate the greatest common factor of 48 and 4496.
16
Calculate the highest common divisor of 143 and 187.
11
Calculate the greatest common factor of 24 and 588.
12
What is the greatest common factor of 4035 and 135?
15
What is the highest common factor of 80 and 256?
16
What is the highest common factor of 28860 and 156?
156
Calculate the highest common divisor of 34 and 646.
34
What is the highest common divisor of 360 and 90?
90
What is the highest common divisor of 855 and 1235?
95
Calculate the highest common divisor of 18 and 1128.
6
What is the highest common divisor of 123 and 10947?
123
What is the greatest common factor of 20 and 2430?
10
What is the greatest common divisor of 58 and 32?
2
What is the highest common divisor of 12643 and 47?
47
Calculate the greatest common factor of 793 and 13.
13
What is the greatest common divisor of 126 and 684?
18
What is the highest common factor of 423 and 9?
9
What is the greatest common divisor of 10 and 4330?
10
What is the highest common factor of 1219 and 265?
53
What is the greatest common divisor of 2 and 18588?
2
What is the greatest common factor of 725 and 5597?
29
Calculate the greatest common divisor of 63 and 36.
9
Calculate the greatest common divisor of 891 and 495.
99
What is the highest common factor of 157 and 5024?
157
Calculate the highest common divisor of 1596 and 24.
12
Calculate the greatest common factor of 46726 and 122.
122
Calculate the greatest common divisor of 68 and 4.
4
Calculate the greatest common factor of 41 and 738.
41
What is the greatest common factor of 130 and 13000?
130
Calculate the highest common divisor of 23 and 3013.
23
Calculate the greatest common divisor of 54 and 7101.
27
Calculate the greatest common divisor of 11 and 134.
1
Calculate the highest common divisor of 5612 and 23.
23
Calculate the greatest common divisor of 160 and 22920.
40
Calculate the greatest common factor of 266 and 4.
2
Calculate the highest common factor of 856 and 11021.
107
Calculate the highest common divisor of 1 and 138.
1
What is the highest common divisor of 201 and 33031?
67
What is the highest common factor of 1343 and 237?
79
What is the greatest common factor of 522 and 324?
18
Calculate the highest common divisor of 3321 and 1539.
81
Calculate the highest common divisor of 111 and 18.
3
Calculate the greatest common factor of 33 and 4422.
33
Calculate the highest common factor of 297 and 405.
27
What is the highest common factor of 15824 and 86?
86
Calculate the highest common divisor of 67 and 469.
67
Calculate the highest common factor of 1032 and 1204.
172
What is the highest common factor of 420 and 2450?
70
What is the greatest common factor of 19 and 1349?
19
What is the greatest common divisor of 296 and 37?
37
What is the highest common factor of 1763 and 41?
41
What is the greatest common divisor of 8 and 1192?
8
Calculate the greatest common factor of 11663 and 327.
109
What is the greatest common divisor of 140 and 84?
28
Calculate the greatest common factor of 819 and 91.
91
Calculate the highest common factor of 8 and 712.
8
What is the greatest common divisor of 768 and 1248?
96
Calculate the greatest common divisor of 60 and 15.
15
What is the highest common divisor of 7441 and 7?
7
Calculate the greatest common factor of 96 and 32.
32
Calculate the greatest common divisor of 2065 and 59.
59
Calculate the highest common factor of 10927 and 49.
49
What is the highest common factor of 3520 and 77?
11
What is the greatest common factor of 72 and 1284?
12
Calculate the greatest common factor of 399 and 285.
57
Calculate the highest common factor of 3337 and 47.
47
What is the highest common divisor of 425 and 68?
17
Calculate the highest common factor of 22 and 3146.
22
Calculate the highest common divisor of 8 and 232.
8
What is the highest common factor of 190 and 1235?
95
Calculate the highest common factor of 760 and 38.
38
What is the highest common divisor of 323 and 95?
19
What is the highest common factor of 448 and 320?
64
Calculate the highest common divisor of 1152 and 18.
18
Calculate the greatest common divisor of 59 and 1062.
59
Calculate the greatest common divisor of 7 and 59.
1
Calculate the highest common divisor of 380 and 608.
76
Calculate the greatest common divisor of 7889 and 23.
23
What is the highest common factor of 28 and 343?
7
What is the greatest common factor of 7786 and 34?
34
Calculate the greatest common factor of 242 and 4477.
121
Calculate the highest common divisor of 1316 and 56.
28
Calculate the greatest common factor of 220 and 396.
44
What is the highest common divisor of 114 and 66?
6
What is the greatest common divisor of 24 and 300?
12
What is the highest common divisor of 873 and 9?
9
What is the greatest common divisor of 714 and 459?
51
Calculate the highest common factor of 2783 and 92.
23
Calculate the greatest common factor of 9408 and 72.
24
What is the greatest common factor of 4242 and 126?
42
Calculate the greatest common divisor of 8092 and 1309.
119
Calculate the greatest common factor of 44 and 2596.
44
Calculate the greatest common divisor of 115 and 207.
23
Calculate the greatest common divisor of 6 and 255.
3
What is the highest common factor of 95 and 1919?
19
Calculate the greatest common divisor of 1394 and 82.
82
Calculate the highest common factor of 156 and 468.
156
Calculate the greatest common factor of 52 and 3146.
26
Calculate the greatest common divisor of 2877 and 231.
21
What is the greatest common factor of 703 and 222?
37
What is the greatest common factor of 58 and 203?
29
Calculate the highest common divisor of 26 and 26.
26
What is the greatest common divisor of 665 and 14?
7
Calculate the highest common divisor of 384 and 240.
48
Calculate the greatest common factor of 1350 and 108.
54
What is the highest common factor of 128 and 6592?
64
Calculate the greatest common divisor of 11 and 473.
11
Calculate the greatest common divisor of 2970 and 45.
45
Calculate the highest common factor of 680 and 1000.
40
Calculate the greatest common divisor of 9516 and 78.
78
Calculate the greatest common divisor of 4107 and 555.
111
What is the greatest common factor of 10227 and 63?
21
Calculate the highest common factor of 1892 and 44.
44
Calculate the greatest common divisor of 14 and 17150.
14
Calculate the highest common factor of 1115 and 5.
5
What is the greatest common divisor of 126 and 414?
18
What is the greatest common divisor of 1368 and 18?
18
What is the greatest common factor of 819 and 403?
13
What is the highest common factor of 180 and 20?
20
Calculate the greatest common divisor of 18 and 90.
18
What is the highest common factor of 96 and 564?
12
Calculate the greatest common factor of 9348 and 399.
57
Calculate the highest common factor of 14 and 3178.
14
What is the highest common divisor of 213 and 142?
71
What is the greatest common factor of 649 and 44?
11
What is the greatest common divisor of 9 and 2625?
3